{"id":460,"date":"2025-01-16T20:29:49","date_gmt":"2025-01-16T19:29:49","guid":{"rendered":"https:\/\/www.svwittmund.de\/wp23\/?page_id=460"},"modified":"2025-04-14T10:29:00","modified_gmt":"2025-04-14T08:29:00","slug":"was-erledige-ich-wo","status":"publish","type":"page","link":"https:\/\/www.svwittmund.de\/wp23\/was-erledige-ich-wo\/","title":{"rendered":"Was erledige ich wo?"},"content":{"rendered":"\n<p style=\"font-size:19px\"><strong>Weil es immer wieder Fragen zu Zust\u00e4ndigkeiten im Verein gibt, gibt es hier die Antworten zu den am h\u00e4ufigsten gestellten Fragen:<\/strong><\/p>\n\n\n\n<hr class=\"wp-block-separator has-alpha-channel-opacity\"\/>\n\n\n\n<p style=\"font-size:20px\">Wer ist f\u00fcr die Terminierung und Bereitstellung des Vereinsheimes in Isums zust\u00e4ndig?<\/p>\n\n\n\n<p style=\"font-size:20px\">&#8211;&gt;&nbsp;Jens Dirks<\/p>\n\n\n\n<p style=\"font-size:20px\">An wen muss ich mich wenden, wenn mein Kind einen Sport im SV Wittmund aus\u00fcben m\u00f6chte?<\/p>\n\n\n\n<p style=\"font-size:20px\">&#8211;> Jugendleiter<a href=\"https:\/\/www.svwittmund.de\/cmssvw\/index.php\/component\/contact\/contact\/87-vorstand\/10?Itemid=435\">\u00a0<\/a>Stefan Richter<\/p>\n\n\n\n<p style=\"font-size:20px\">Wer ist f\u00fcr das Abkreiden zust\u00e4ndig?<\/p>\n\n\n\n<p style=\"font-size:20px\">&#8211;&gt; Der Platzwart &#8211;&gt; Ansprechpartner zur Zeit&nbsp;Jens Dirks<\/p>\n\n\n\n<p style=\"font-size:20px\">An wen muss ich mich wenden, wenn ich (Erwachsen) Fu\u00dfball spielen m\u00f6chte?<\/p>\n\n\n\n<p style=\"font-size:20px\">&#8211;&gt; Fu\u00dfballobmann&nbsp;Thorsten Suschlik<\/p>\n\n\n\n<p style=\"font-size:20px\">An wen muss ich mich wenden, wenn ich im Verein Tischtennis spielen m\u00f6chte?<\/p>\n\n\n\n<p style=\"font-size:20px\">&#8211;&gt; Christoph Burrack<\/p>\n\n\n\n<p style=\"font-size:20px\">An wen muss ich mich wenden, wenn ich Badminton spielen m\u00f6chte?<\/p>\n\n\n\n<p style=\"font-size:20px\">&#8211;&gt;&nbsp;Hilke Meyer-Behrends<\/p>\n\n\n\n<p style=\"font-size:20px\">Ich habe eine Frage zu den Vereinsbeitr\u00e4gen.<\/p>\n\n\n\n<p style=\"font-size:20px\">&#8211;&gt;&nbsp;Michael Einnolf<\/p>\n\n\n\n<p style=\"font-size:20px\">Ich m\u00f6chte meinen Mitgliederstatus \u00e4ndern ( Familienbeitrag etc.)<\/p>\n\n\n\n<p style=\"font-size:20px\">&#8211;&gt;&nbsp;Michael Einnolf<\/p>\n","protected":false},"excerpt":{"rendered":"<p>Weil es immer wieder Fragen zu Zust\u00e4ndigkeiten im Verein gibt, gibt es hier die Antworten zu den am h\u00e4ufigsten gestellten Fragen: Wer ist f\u00fcr die Terminierung und Bereitstellung des Vereinsheimes &#8230;<\/p>\n","protected":false},"author":1,"featured_media":0,"parent":0,"menu_order":0,"comment_status":"closed","ping_status":"closed","template":"","meta":{"footnotes":""},"class_list":["post-460","page","type-page","status-publish","hentry"],"_links":{"self":[{"href":"https:\/\/www.svwittmund.de\/wp23\/wp-json\/wp\/v2\/pages\/460","targetHints":{"allow":["GET"]}}],"collection":[{"href":"https:\/\/www.svwittmund.de\/wp23\/wp-json\/wp\/v2\/pages"}],"about":[{"href":"https:\/\/www.svwittmund.de\/wp23\/wp-json\/wp\/v2\/types\/page"}],"author":[{"embeddable":true,"href":"https:\/\/www.svwittmund.de\/wp23\/wp-json\/wp\/v2\/users\/1"}],"replies":[{"embeddable":true,"href":"https:\/\/www.svwittmund.de\/wp23\/wp-json\/wp\/v2\/comments?post=460"}],"version-history":[{"count":3,"href":"https:\/\/www.svwittmund.de\/wp23\/wp-json\/wp\/v2\/pages\/460\/revisions"}],"predecessor-version":[{"id":820,"href":"https:\/\/www.svwittmund.de\/wp23\/wp-json\/wp\/v2\/pages\/460\/revisions\/820"}],"wp:attachment":[{"href":"https:\/\/www.svwittmund.de\/wp23\/wp-json\/wp\/v2\/media?parent=460"}],"curies":[{"name":"wp","href":"https:\/\/api.w.org\/{rel}","templated":true}]}}