{"id":609,"date":"2025-01-20T12:04:39","date_gmt":"2025-01-20T11:04:39","guid":{"rendered":"https:\/\/www.svwittmund.de\/wp23\/?page_id=609"},"modified":"2025-09-10T15:49:26","modified_gmt":"2025-09-10T13:49:26","slug":"juniorinnen","status":"publish","type":"page","link":"https:\/\/www.svwittmund.de\/wp23\/juniorinnen\/","title":{"rendered":"F\/E\/D-Juniorinnen"},"content":{"rendered":"\n<div class=\"wp-block-media-text alignwide has-media-on-the-right is-stacked-on-mobile is-vertically-aligned-center has-white-color has-text-color has-background has-link-color wp-elements-e4b04350772aadde8a2f105e72ade8e6\" style=\"background-color:#1f73be;grid-template-columns:auto 37%\"><div class=\"wp-block-media-text__content\">\n<div class=\"wp-block-group has-medium-font-size\" style=\"padding-top:2em;padding-right:2em;padding-bottom:2em;padding-left:2em\"><div class=\"wp-block-group__inner-container is-layout-flow wp-block-group-is-layout-flow\">\n<p style=\"font-size:36px;line-height:1.2\">Alter 7-12 Jahre<\/p>\n\n\n\n<p class=\"has-medium-font-size\" style=\"line-height:1.2\"><strong>Trainer:<\/strong> <\/p>\n\n\n\n<p class=\"has-medium-font-size\" style=\"line-height:1.2\">Anna Lena Ru\u00df und Lorena Baer (beide Junior Coach)<\/p>\n\n\n\n<p class=\"has-medium-font-size\" style=\"line-height:1.2\"><br><strong>Training:<\/strong><\/p>\n\n\n\n<p class=\"has-medium-font-size\" style=\"line-height:1.2\">Sportanlage Isums<br>dienstags und donnerstags 17:00 &#8211; 18:30 Uhr<\/p>\n\n\n\n<p style=\"font-size:18px\"><strong>Kontakt: <\/strong><\/p>\n\n\n\n<p style=\"font-size:18px\">G\u00fcnter Rahning<br>guenter.rahning@svwittmund.de<br>01516 8176941<\/p>\n<\/div><\/div>\n<\/div><figure class=\"wp-block-media-text__media\"><img loading=\"lazy\" decoding=\"async\" width=\"512\" height=\"512\" src=\"https:\/\/www.svwittmund.de\/wp23\/wp-content\/uploads\/2024\/06\/cropped-svwlogo1211.png\" alt=\"\" class=\"wp-image-248 size-full\" srcset=\"https:\/\/www.svwittmund.de\/wp23\/wp-content\/uploads\/2024\/06\/cropped-svwlogo1211.png 512w, https:\/\/www.svwittmund.de\/wp23\/wp-content\/uploads\/2024\/06\/cropped-svwlogo1211-300x300.png 300w, https:\/\/www.svwittmund.de\/wp23\/wp-content\/uploads\/2024\/06\/cropped-svwlogo1211-150x150.png 150w, https:\/\/www.svwittmund.de\/wp23\/wp-content\/uploads\/2024\/06\/cropped-svwlogo1211-60x60.png 60w, https:\/\/www.svwittmund.de\/wp23\/wp-content\/uploads\/2024\/06\/cropped-svwlogo1211-270x270.png 270w, https:\/\/www.svwittmund.de\/wp23\/wp-content\/uploads\/2024\/06\/cropped-svwlogo1211-192x192.png 192w, https:\/\/www.svwittmund.de\/wp23\/wp-content\/uploads\/2024\/06\/cropped-svwlogo1211-180x180.png 180w, https:\/\/www.svwittmund.de\/wp23\/wp-content\/uploads\/2024\/06\/cropped-svwlogo1211-32x32.png 32w\" sizes=\"auto, (max-width: 512px) 100vw, 512px\" \/><\/figure><\/div>\n\n\n\n<p><\/p>\n\n\n\n\t\t<div class=\"wp-block-getwid-recent-posts has-layout-list has-cropped-images\">\n\t\t\t<div class=\"wp-block-getwid-recent-posts__wrapper\">\n\t\t\t\t\n<article id=\"post-923\" class=\"wp-block-getwid-recent-posts__post\">\n    <div class=\"wp-block-getwid-recent-posts__post-wrapper\">\n                    <div class=\"wp-block-getwid-recent-posts__post-thumbnail\">\n                <a href=\"https:\/\/www.svwittmund.de\/wp23\/2025\/09\/23\/e-juniorinnen-mit-neuen-trikots\/\"><img loading=\"lazy\" decoding=\"async\" width=\"300\" height=\"204\" src=\"https:\/\/www.svwittmund.de\/wp23\/wp-content\/uploads\/2025\/09\/maedc25-300x204.jpg\" class=\"attachment-medium size-medium wp-post-image\" alt=\"E-Juniorinnen mit neuen Trikots\" srcset=\"https:\/\/www.svwittmund.de\/wp23\/wp-content\/uploads\/2025\/09\/maedc25-300x204.jpg 300w, https:\/\/www.svwittmund.de\/wp23\/wp-content\/uploads\/2025\/09\/maedc25-1024x696.jpg 1024w, https:\/\/www.svwittmund.de\/wp23\/wp-content\/uploads\/2025\/09\/maedc25-768x522.jpg 768w, https:\/\/www.svwittmund.de\/wp23\/wp-content\/uploads\/2025\/09\/maedc25.jpg 1172w\" sizes=\"auto, (max-width: 300px) 100vw, 300px\" \/><\/a>\n            <\/div>\n                            <div class=\"wp-block-getwid-recent-posts__content-wrapper\">\n                                    <header class=\"wp-block-getwid-recent-posts__entry-header\">\n                                                    <h3 class=\"wp-block-getwid-recent-posts__post-title\"><a href=\"https:\/\/www.svwittmund.de\/wp23\/2025\/09\/23\/e-juniorinnen-mit-neuen-trikots\/\">E-Juniorinnen mit neuen Trikots<\/a><\/h3>                                                                    <\/header>\n                                <div class=\"wp-block-getwid-recent-posts__post-content\">Die neue E-Juniorinnen-Mannschaft des SV Wittmund bedankt sich f\u00fcr die neuen Trikots bei Malermeisterin Insa de Buhr. Weiterhin sucht die Jugend noch Spielerinnen im Alter von 7 bis 10 Jahren &#8230;<\/div>\n                \n                            <\/div>\n            <\/div>\n<\/article>\n\n<article id=\"post-605\" class=\"wp-block-getwid-recent-posts__post\">\n    <div class=\"wp-block-getwid-recent-posts__post-wrapper\">\n                    <div class=\"wp-block-getwid-recent-posts__post-thumbnail\">\n                <a href=\"https:\/\/www.svwittmund.de\/wp23\/2025\/01\/20\/endlich-wieder-maedchenfussball-im-stadtgebiet-wittmund\/\"><img loading=\"lazy\" decoding=\"async\" width=\"300\" height=\"300\" src=\"https:\/\/www.svwittmund.de\/wp23\/wp-content\/uploads\/2025\/01\/msg-300x300.png\" class=\"attachment-medium size-medium wp-post-image\" alt=\"Endlich wieder M\u00e4dchenfu\u00dfball im Stadtgebiet Wittmund.\" srcset=\"https:\/\/www.svwittmund.de\/wp23\/wp-content\/uploads\/2025\/01\/msg-300x300.png 300w, https:\/\/www.svwittmund.de\/wp23\/wp-content\/uploads\/2025\/01\/msg-150x150.png 150w\" sizes=\"auto, (max-width: 300px) 100vw, 300px\" \/><\/a>\n            <\/div>\n                            <div class=\"wp-block-getwid-recent-posts__content-wrapper\">\n                                    <header class=\"wp-block-getwid-recent-posts__entry-header\">\n                                                    <h3 class=\"wp-block-getwid-recent-posts__post-title\"><a href=\"https:\/\/www.svwittmund.de\/wp23\/2025\/01\/20\/endlich-wieder-maedchenfussball-im-stadtgebiet-wittmund\/\">Endlich wieder M\u00e4dchenfu\u00dfball im Stadtgebiet Wittmund.<\/a><\/h3>                                                                    <\/header>\n                                <div class=\"wp-block-getwid-recent-posts__post-content\">Der demografische Wandel wird k\u00fcnftig sicherlich daf\u00fcr sorgen, das sich Vereine zusammenschlie\u00dfen m\u00fcssen.Deshalb wollen wir jetzt, wie auch schon bei der m\u00e4nnlichen Jugend, die Kr\u00e4fte im Stadtgebiet b\u00fcndeln. Der Anfang &#8230;<\/div>\n                \n                            <\/div>\n            <\/div>\n<\/article>\n\t\t\t<\/div>\n\t\t<\/div>\n\t\t\n\n\n<p><\/p>\n","protected":false},"excerpt":{"rendered":"","protected":false},"author":1,"featured_media":0,"parent":0,"menu_order":0,"comment_status":"closed","ping_status":"closed","template":"","meta":{"footnotes":""},"class_list":["post-609","page","type-page","status-publish","hentry"],"_links":{"self":[{"href":"https:\/\/www.svwittmund.de\/wp23\/wp-json\/wp\/v2\/pages\/609","targetHints":{"allow":["GET"]}}],"collection":[{"href":"https:\/\/www.svwittmund.de\/wp23\/wp-json\/wp\/v2\/pages"}],"about":[{"href":"https:\/\/www.svwittmund.de\/wp23\/wp-json\/wp\/v2\/types\/page"}],"author":[{"embeddable":true,"href":"https:\/\/www.svwittmund.de\/wp23\/wp-json\/wp\/v2\/users\/1"}],"replies":[{"embeddable":true,"href":"https:\/\/www.svwittmund.de\/wp23\/wp-json\/wp\/v2\/comments?post=609"}],"version-history":[{"count":13,"href":"https:\/\/www.svwittmund.de\/wp23\/wp-json\/wp\/v2\/pages\/609\/revisions"}],"predecessor-version":[{"id":915,"href":"https:\/\/www.svwittmund.de\/wp23\/wp-json\/wp\/v2\/pages\/609\/revisions\/915"}],"wp:attachment":[{"href":"https:\/\/www.svwittmund.de\/wp23\/wp-json\/wp\/v2\/media?parent=609"}],"curies":[{"name":"wp","href":"https:\/\/api.w.org\/{rel}","templated":true}]}}

<div class="wp-block-media-text alignwide has-media-on-the-right is-stacked-on-mobile is-vertically-aligned-center has-white-color has-text-color has-background has-link-color wp-elements-e4b04350772aadde8a2f105e72ade8e6" style="background-color:#1f73be;grid-template-columns:auto 37%"><div class="wp-block-media-text__content">
<div class="wp-block-group has-medium-font-size" style="padding-top:2em;padding-right:2em;padding-bottom:2em;padding-left:2em"><div class="wp-block-group__inner-container is-layout-flow wp-block-group-is-layout-flow">
<p style="font-size:36px;line-height:1.2">Alter 7-12 Jahre</p>



<p class="has-medium-font-size" style="line-height:1.2"><strong>Trainer:</strong> </p>



<p class="has-medium-font-size" style="line-height:1.2">Anna Lena Ruß und Lorena Baer (beide Junior Coach)</p>



<p class="has-medium-font-size" style="line-height:1.2"><br><strong>Training:</strong></p>



<p class="has-medium-font-size" style="line-height:1.2">Sportanlage Isums<br>dienstags und donnerstags 17:00 &#8211; 18:30 Uhr</p>



<p style="font-size:18px"><strong>Kontakt: </strong></p>



<p style="font-size:18px">Günter Rahning<br>guenter.rahning@svwittmund.de<br>01516 8176941</p>
</div></div>
</div><figure class="wp-block-media-text__media"><img loading="lazy" decoding="async" width="512" height="512" src="https://www.svwittmund.de/wp23/wp-content/uploads/2024/06/cropped-svwlogo1211.png" alt="" class="wp-image-248 size-full" srcset="https://www.svwittmund.de/wp23/wp-content/uploads/2024/06/cropped-svwlogo1211.png 512w, https://www.svwittmund.de/wp23/wp-content/uploads/2024/06/cropped-svwlogo1211-300x300.png 300w, https://www.svwittmund.de/wp23/wp-content/uploads/2024/06/cropped-svwlogo1211-150x150.png 150w, https://www.svwittmund.de/wp23/wp-content/uploads/2024/06/cropped-svwlogo1211-60x60.png 60w, https://www.svwittmund.de/wp23/wp-content/uploads/2024/06/cropped-svwlogo1211-270x270.png 270w, https://www.svwittmund.de/wp23/wp-content/uploads/2024/06/cropped-svwlogo1211-192x192.png 192w, https://www.svwittmund.de/wp23/wp-content/uploads/2024/06/cropped-svwlogo1211-180x180.png 180w, https://www.svwittmund.de/wp23/wp-content/uploads/2024/06/cropped-svwlogo1211-32x32.png 32w" sizes="auto, (max-width: 512px) 100vw, 512px" /></figure></div>



<p></p>



		<div class="wp-block-getwid-recent-posts has-layout-list has-cropped-images">
			<div class="wp-block-getwid-recent-posts__wrapper">
				
<article id="post-923" class="wp-block-getwid-recent-posts__post">
    <div class="wp-block-getwid-recent-posts__post-wrapper">
                    <div class="wp-block-getwid-recent-posts__post-thumbnail">
                <a href="https://www.svwittmund.de/wp23/2025/09/23/e-juniorinnen-mit-neuen-trikots/"><img loading="lazy" decoding="async" width="300" height="204" src="https://www.svwittmund.de/wp23/wp-content/uploads/2025/09/maedc25-300x204.jpg" class="attachment-medium size-medium wp-post-image" alt="E-Juniorinnen mit neuen Trikots" srcset="https://www.svwittmund.de/wp23/wp-content/uploads/2025/09/maedc25-300x204.jpg 300w, https://www.svwittmund.de/wp23/wp-content/uploads/2025/09/maedc25-1024x696.jpg 1024w, https://www.svwittmund.de/wp23/wp-content/uploads/2025/09/maedc25-768x522.jpg 768w, https://www.svwittmund.de/wp23/wp-content/uploads/2025/09/maedc25.jpg 1172w" sizes="auto, (max-width: 300px) 100vw, 300px" /></a>
            </div>
                            <div class="wp-block-getwid-recent-posts__content-wrapper">
                                    <header class="wp-block-getwid-recent-posts__entry-header">
                                                    <h3 class="wp-block-getwid-recent-posts__post-title"><a href="https://www.svwittmund.de/wp23/2025/09/23/e-juniorinnen-mit-neuen-trikots/">E-Juniorinnen mit neuen Trikots</a></h3>                                                                    </header>
                                <div class="wp-block-getwid-recent-posts__post-content">Die neue E-Juniorinnen-Mannschaft des SV Wittmund bedankt sich für die neuen Trikots bei Malermeisterin Insa de Buhr. Weiterhin sucht die Jugend noch Spielerinnen im Alter von 7 bis 10 Jahren &#8230;</div>
                
                            </div>
            </div>
</article>

<article id="post-605" class="wp-block-getwid-recent-posts__post">
    <div class="wp-block-getwid-recent-posts__post-wrapper">
                    <div class="wp-block-getwid-recent-posts__post-thumbnail">
                <a href="https://www.svwittmund.de/wp23/2025/01/20/endlich-wieder-maedchenfussball-im-stadtgebiet-wittmund/"><img loading="lazy" decoding="async" width="300" height="300" src="https://www.svwittmund.de/wp23/wp-content/uploads/2025/01/msg-300x300.png" class="attachment-medium size-medium wp-post-image" alt="Endlich wieder Mädchenfußball im Stadtgebiet Wittmund." srcset="https://www.svwittmund.de/wp23/wp-content/uploads/2025/01/msg-300x300.png 300w, https://www.svwittmund.de/wp23/wp-content/uploads/2025/01/msg-150x150.png 150w" sizes="auto, (max-width: 300px) 100vw, 300px" /></a>
            </div>
                            <div class="wp-block-getwid-recent-posts__content-wrapper">
                                    <header class="wp-block-getwid-recent-posts__entry-header">
                                                    <h3 class="wp-block-getwid-recent-posts__post-title"><a href="https://www.svwittmund.de/wp23/2025/01/20/endlich-wieder-maedchenfussball-im-stadtgebiet-wittmund/">Endlich wieder Mädchenfußball im Stadtgebiet Wittmund.</a></h3>                                                                    </header>
                                <div class="wp-block-getwid-recent-posts__post-content">Der demografische Wandel wird künftig sicherlich dafür sorgen, das sich Vereine zusammenschließen müssen.Deshalb wollen wir jetzt, wie auch schon bei der männlichen Jugend, die Kräfte im Stadtgebiet bündeln. Der Anfang &#8230;</div>
                
                            </div>
            </div>
</article>
			</div>
		</div>
		


<p></p>
