{"id":624,"date":"2025-01-20T13:15:36","date_gmt":"2025-01-20T12:15:36","guid":{"rendered":"https:\/\/www.svwittmund.de\/wp23\/?page_id=624"},"modified":"2025-01-20T13:29:51","modified_gmt":"2025-01-20T12:29:51","slug":"schiedsrichter","status":"publish","type":"page","link":"https:\/\/www.svwittmund.de\/wp23\/schiedsrichter\/","title":{"rendered":"Schiedsrichter"},"content":{"rendered":"\n<div class=\"wp-block-media-text alignwide has-media-on-the-right is-stacked-on-mobile is-vertically-aligned-center has-white-color has-text-color has-background has-link-color wp-elements-19eec66618c4f08e71c2cc27b9b764cd\" style=\"background-color:#1f73be;grid-template-columns:auto 31%\"><div class=\"wp-block-media-text__content\">\n<div class=\"wp-block-group has-medium-font-size\" style=\"padding-top:2em;padding-right:2em;padding-bottom:2em;padding-left:2em\"><div class=\"wp-block-group__inner-container is-layout-flow wp-block-group-is-layout-flow\">\n<p style=\"font-size:36px;line-height:1.2\"><\/p>\n\n\n\n<p class=\"has-medium-font-size\" style=\"line-height:1.2\"><strong>Ansprechpartner:<\/strong><\/p>\n\n\n\n<p class=\"has-medium-font-size\" style=\"line-height:1.2\">Jens Harms<\/p>\n\n\n\n<p class=\"has-medium-font-size\" style=\"line-height:1.2\"><br><strong>Infos:<\/strong><\/p>\n\n\n\n<p class=\"has-medium-font-size\" style=\"line-height:1.2\">Hast du Interesse am Schiedsrichterwesen? Dann melde dich einfach bei unserem Ansprechpartner. Er zeigt dir M\u00f6glichkeiten, wie du Schiesdrichter f\u00fcr unseren Verein wirst. Er begleitet und ber\u00e4t dich bei allen Fragen.<\/p>\n\n\n\n<p style=\"font-size:18px\"><strong>Kontakt: <\/strong><\/p>\n\n\n\n<p style=\"font-size:18px\">jens.harms@svwittmund.de<br>0172 6075864<\/p>\n<\/div><\/div>\n<\/div><figure class=\"wp-block-media-text__media\"><img loading=\"lazy\" decoding=\"async\" width=\"512\" height=\"512\" src=\"https:\/\/www.svwittmund.de\/wp23\/wp-content\/uploads\/2024\/06\/cropped-svwlogo1211.png\" alt=\"\" class=\"wp-image-248 size-full\" srcset=\"https:\/\/www.svwittmund.de\/wp23\/wp-content\/uploads\/2024\/06\/cropped-svwlogo1211.png 512w, https:\/\/www.svwittmund.de\/wp23\/wp-content\/uploads\/2024\/06\/cropped-svwlogo1211-300x300.png 300w, https:\/\/www.svwittmund.de\/wp23\/wp-content\/uploads\/2024\/06\/cropped-svwlogo1211-150x150.png 150w, https:\/\/www.svwittmund.de\/wp23\/wp-content\/uploads\/2024\/06\/cropped-svwlogo1211-60x60.png 60w, https:\/\/www.svwittmund.de\/wp23\/wp-content\/uploads\/2024\/06\/cropped-svwlogo1211-270x270.png 270w, https:\/\/www.svwittmund.de\/wp23\/wp-content\/uploads\/2024\/06\/cropped-svwlogo1211-192x192.png 192w, https:\/\/www.svwittmund.de\/wp23\/wp-content\/uploads\/2024\/06\/cropped-svwlogo1211-180x180.png 180w, https:\/\/www.svwittmund.de\/wp23\/wp-content\/uploads\/2024\/06\/cropped-svwlogo1211-32x32.png 32w\" sizes=\"auto, (max-width: 512px) 100vw, 512px\" \/><\/figure><\/div>\n","protected":false},"excerpt":{"rendered":"","protected":false},"author":1,"featured_media":0,"parent":0,"menu_order":0,"comment_status":"closed","ping_status":"closed","template":"","meta":{"footnotes":""},"class_list":["post-624","page","type-page","status-publish","hentry"],"_links":{"self":[{"href":"https:\/\/www.svwittmund.de\/wp23\/wp-json\/wp\/v2\/pages\/624","targetHints":{"allow":["GET"]}}],"collection":[{"href":"https:\/\/www.svwittmund.de\/wp23\/wp-json\/wp\/v2\/pages"}],"about":[{"href":"https:\/\/www.svwittmund.de\/wp23\/wp-json\/wp\/v2\/types\/page"}],"author":[{"embeddable":true,"href":"https:\/\/www.svwittmund.de\/wp23\/wp-json\/wp\/v2\/users\/1"}],"replies":[{"embeddable":true,"href":"https:\/\/www.svwittmund.de\/wp23\/wp-json\/wp\/v2\/comments?post=624"}],"version-history":[{"count":2,"href":"https:\/\/www.svwittmund.de\/wp23\/wp-json\/wp\/v2\/pages\/624\/revisions"}],"predecessor-version":[{"id":627,"href":"https:\/\/www.svwittmund.de\/wp23\/wp-json\/wp\/v2\/pages\/624\/revisions\/627"}],"wp:attachment":[{"href":"https:\/\/www.svwittmund.de\/wp23\/wp-json\/wp\/v2\/media?parent=624"}],"curies":[{"name":"wp","href":"https:\/\/api.w.org\/{rel}","templated":true}]}}

<div class="wp-block-media-text alignwide has-media-on-the-right is-stacked-on-mobile is-vertically-aligned-center has-white-color has-text-color has-background has-link-color wp-elements-19eec66618c4f08e71c2cc27b9b764cd" style="background-color:#1f73be;grid-template-columns:auto 31%"><div class="wp-block-media-text__content">
<div class="wp-block-group has-medium-font-size" style="padding-top:2em;padding-right:2em;padding-bottom:2em;padding-left:2em"><div class="wp-block-group__inner-container is-layout-flow wp-block-group-is-layout-flow">
<p style="font-size:36px;line-height:1.2"></p>



<p class="has-medium-font-size" style="line-height:1.2"><strong>Ansprechpartner:</strong></p>



<p class="has-medium-font-size" style="line-height:1.2">Jens Harms</p>



<p class="has-medium-font-size" style="line-height:1.2"><br><strong>Infos:</strong></p>



<p class="has-medium-font-size" style="line-height:1.2">Hast du Interesse am Schiedsrichterwesen? Dann melde dich einfach bei unserem Ansprechpartner. Er zeigt dir Möglichkeiten, wie du Schiesdrichter für unseren Verein wirst. Er begleitet und berät dich bei allen Fragen.</p>



<p style="font-size:18px"><strong>Kontakt: </strong></p>



<p style="font-size:18px">jens.harms@svwittmund.de<br>0172 6075864</p>
</div></div>
</div><figure class="wp-block-media-text__media"><img loading="lazy" decoding="async" width="512" height="512" src="https://www.svwittmund.de/wp23/wp-content/uploads/2024/06/cropped-svwlogo1211.png" alt="" class="wp-image-248 size-full" srcset="https://www.svwittmund.de/wp23/wp-content/uploads/2024/06/cropped-svwlogo1211.png 512w, https://www.svwittmund.de/wp23/wp-content/uploads/2024/06/cropped-svwlogo1211-300x300.png 300w, https://www.svwittmund.de/wp23/wp-content/uploads/2024/06/cropped-svwlogo1211-150x150.png 150w, https://www.svwittmund.de/wp23/wp-content/uploads/2024/06/cropped-svwlogo1211-60x60.png 60w, https://www.svwittmund.de/wp23/wp-content/uploads/2024/06/cropped-svwlogo1211-270x270.png 270w, https://www.svwittmund.de/wp23/wp-content/uploads/2024/06/cropped-svwlogo1211-192x192.png 192w, https://www.svwittmund.de/wp23/wp-content/uploads/2024/06/cropped-svwlogo1211-180x180.png 180w, https://www.svwittmund.de/wp23/wp-content/uploads/2024/06/cropped-svwlogo1211-32x32.png 32w" sizes="auto, (max-width: 512px) 100vw, 512px" /></figure></div>
